se 3*o - o = 20. List the prime factors of 17/(-17) - o/(-1).
3
Let h = -5 - -11. Let k = h + -12. What are the prime factors of (-32)/(-18) - k/27?
2
Let g = -10 - -40. What are the prime factors of g?
2, 3, 5
Suppose 0*l + 71 = -4*l - 3*b, -16 = l - b. Let c = -9 - l. What are the prime factors of c?
2
Suppose -4*t + 15 = -33. Suppose -h = 4 - t. Let r(j) = j - 6. What are the prime factors of r(h)?
2
Let i = -41 - -95. Suppose -3*t + 5*x + 118 = 0, -3*t + 142 - i = x. List the prime factors of t.
31
Let b = 4 + -2. List the prime factors of b.
2
Suppose -2*k + 274 = 3*o, -4*k - 3*o = -6*k + 298. What are the prime factors of k?
11, 13
Let c be 0 - 0/((-6)/(-2)). Let x = 6 - c. List the prime factors of x.
2, 3
Suppose -3*f + 5 = -16. What are the prime factors of f?
7
Let t = 232 - 75. Let y = t + -111. Suppose -y + 2 = -4*q. What are the prime factors of q?
11
Suppose -1899 + 615 = -6*p. What are the prime factors of p?
2, 107
What are the prime factors of (-9)/(-6) - (-519)/6?
2, 11
Suppose 0 = -5*o, 0*o + 20 = w - 3*o. List the prime factors of w.
2, 5
Let m = 140 + -50. What are the prime factors of m?
2, 3, 5
Suppose -2 = -g - 5*a + 19, 4*g + 2*a = 30. List the prime factors of g.
2, 3
Let t(g) = -2*g**3 - 3*g**2 - 3*g - 1. Let j be t(-2). Suppose 4*v + n = j, v = 4*v - n - 5. What are the prime factors of v?
2
Suppose 5*l = 10 - 0, -b + 5*l + 246 = 0. What are the prime factors of b?
2
Let h(l) = -4*l - 2. Let c be h(-4). Suppose j + 3*j - 5*k - 6 = 0, -2*j = 3*k - c. Suppose -j*f = 5 - 21. List the prime factors of f.
2
Let q be -7*(-1 + -1 - -1). Suppose 2*x = q + 7. What are the prime factors of x?
7
Let o = -6 + 9. Suppose o*r = r. Suppose r = -2*v + v + 6. List the prime factors of v.
2, 3
Suppose -3*q - 2*o + 24 = 2*q, 8 = 4*o. List the prime factors of q.
2
Let h(o) = 11*o**2 + 15*o. What are the prime factors of h(-5)?
2, 5
Let i(b) = -3*b**2 - b**3 + 8 + 6*b - 2*b**2 + 0*b**2. Let r be i(-6). Let l = r + -5. What are the prime factors of l?
3
Let c = 4 + -2. Let n be -155*(26/10 - 3). Suppose -4*x = c*y - n, x - 3*y = -2*x + 42. What are the prime factors of x?
3, 5
Suppose 0*p + p = 6. Let a(y) = 3*y - 1. Let m be a(7). What are the prime factors of p/(-5)*m/(-6)?
2
Suppose 0 = -6*j + 9*j + 3. What are the prime factors of ((-6)/(-2))/(j/(-4))?
2, 3
Let z = -6 + 21. What are the prime factors of z?
3, 5
Let f(v) be the second derivative of -v**3/3 - 2*v. What are the prime factors of f(-2)?
2
Let n be (-1)/3 - (-981)/27. Suppose 4*v - n = -0*v. List the prime factors of v.
3
Let f(m) = 5*m**2 + 6*m + 5. Let s(t) = -4*t**2 - 7*t - 6. Let v(j) = 6*f(j) + 5*s(j). Suppose -1 = -3*c + 2*c. List the prime factors of v(c).
11
Suppose -2*v + 6*v - 23 = 3*w, -5 = 5*w. Suppose -y = -v*y + 104. What are the prime factors of y?
2, 13
Suppose -4*h + 2*h + 4 = 0. Suppose 5*k - 60 = -h*g, 3*k = -7*g + 3*g + 92. What are the prime factors of g?
2, 5
Let b(d) = 11*d**2 - 2*d + 1. Let h be b(1). Let g = h - 8. List the prime factors of g.
2
Suppose 0 = -2*r + 3*y + 23, 2*y + 9 = 5*y. List the prime factors of r.
2
Let w(z) = 3*z + 4. Let v be w(-3). Let l(o) = -12*o + 5. Let r be l(v). List the prime factors of r/15 - (-4)/6.
5
Suppose -4*l = 5*w - 132, l - 99 = -4*w - 0*l. List the prime factors of w.
2, 3
Let q be (-5)/((4/2)/(-2)). Suppose -5*s - q = -5*k - 35, -4*k = 20. What are the prime factors of ((-6)/8)/(s/(-8))?
2, 3
Let s(j) = j**2 - 7*j. Let y be s(8). Let q be (4 + -1)/(-3) - y. Let u = 16 + q. List the prime factors of u.
7
Let c = -2 + -2. Let f be ((-1)/(-1))/((-2)/(-4)). Let m = f - c. What are the prime factors of m?
2, 3
Suppose -k - 10 = -26. What are the prime factors of k?
2
Let j = -67 - -152. What are the prime factors of j?
5, 17
Let o = -13 + 21. Suppose n + o = 3*n. List the prime factors of n.
2
Let r = -15 + 10. Let q = r - -8. What are the prime factors of q?
3
Suppose -45 = -4*f + 259. List the prime factors of f.
2, 19
Let h(r) = r**3 + 4*r**2 + r + 3. Suppose -j + 9 = -4*j. Let w be 10/j - (-1)/3. List the prime factors of h(w).
3
Let r = -16 - -22. Suppose -4*o - r = -o. What are the prime factors of (o/5)/(2/(-10))?
2
Suppose -k = -0*k - 2. Let i = -7 + 12. Suppose -i - k = -z. What are the prime factors of z?
7
Let h be -2*(9/6 + -1). List the prime factors of ((-6)/2)/(0 + h).
3
Suppose -10 = -z + 7. Let f = -6 + z. What are the prime factors of f?
11
Suppose -2*i - 36 = i. Let m = i + 1. Let g(y) = -y**3 - 10*y**2 + 9*y - 8. What are the prime factors of g(m)?
2, 7
Suppose 20 = -5*c + 130. What are the prime factors of c?
2, 11
Suppose -d + 1 - 2 = 0, -2*t = d + 9. Let i(q) = q**3 + 4*q**2 - 3*q + 3. What are the prime factors of i(t)?
3, 5
Let f be ((-6)/(-4))/(6/(-8)). Let k(y) = y**2 + 2. List the prime factors of k(f).
2, 3
Let i(x) = -14*x - 13. What are the prime factors of i(-3)?
29
Let n(y) = y**3 + 4*y**2 - 3*y - 3. Let a be n(-3). Suppose 0 = -3*u + 3 + a. Suppose -u = -v + 1. List the prime factors of v.
7
Let k = 57 + -30. Let a = k + -19. List the prime factors of a.
2
Suppose o + 8 = 51. List the prime factors of o.
43
Suppose 3*d - 129 = 288. List the prime factors of d.
139
Let a(y) = 2*y**2 - y - 2. Let h be a(-2). Suppose 0 = 4*z - 4*c - 46 - 22, 4*c + h = -z. List the prime factors of 51/4 + 3/z.
13
Let b(x) = x**2 + 4. Let s be b(0). Let z be ((-5)/s)/(2/(-8)). Suppose 0 = -z*l - 18 + 88. List the prime factors of l.
2, 7
Let o be (-1)/((-4)/116 - 0). Let z = -13 + o. What are the prime factors of z?
2
Suppose -3*m - 3*v + 165 = 0, -2*v + 3 - 9 = 0. What are the prime factors of m?
2, 29
What are the prime factors of (((-24)/10)/3)/(13/(-585))?
2, 3
Let s be 14 + -1 + 3/3. Suppose 0*k - k + s = 0. What are the prime factors of k?
2, 7
Suppose 4*q + 68 = w, -4*q + 0*q - 16 = 0. List the prime factors of 6/10 - w/(-5).
11
Let c = -7 - -29. Suppose 0 = -4*d + 42 + c. Let o = 28 - d. What are the prime factors of o?
2, 3
Suppose -3*j - m + 67 - 620 = 0, -5*m + 547 = -3*j. What are the prime factors of 12/(-30) + j/(-10)?
2, 3
Suppose 3*b + 19 = 67. List the prime factors of b.
2
Let k(i) = 2*i - 7. Let r be k(5). Suppose -3*l - 2*s + 16 = -s, r*l - 20 = s. List the prime factors of l.
2, 3
Suppose -9 = f + 2*f, 4*z + 4*f = -116. Let l = -1 - z. Suppose y - d = 5, y + y - l = -3*d. What are the prime factors of y?
2
Suppose -4*n - 2*y = -0*n - 48, 4*n = -3*y + 44. What are the prime factors of 12/(-42) - (-172)/n?
2, 3
Suppose -1 = 2*a - 5. Suppose -5*v + 95 = -4*i, -a*i + 3*i + 5 = 0. Suppose -v = -4*j + 21. List the prime factors of j.
3
Let a = 19 + -31. Let c = a + 34. List the prime factors of c.
2, 11
Let b be (18/(-3))/(-2) - 0. Suppose 3*h = 2*v + 3*v - 18, 0 = -b*v + h + 10. Suppose -v*g + 22 - 7 = 0. What are the prime factors of g?
5
Suppose 3*j = 348 + 96. List the prime factors of j.
2, 37
Let d = -70 + 104. What are the prime factors of d?
2, 17
Let l be (-4)/(-26) - (-76)/13. Suppose 3*a - 4*v - 13 = 0, -5*a - l*v + 65 = -4*v. What are the prime factors of a?
11
Suppose -6*s - 120 = -11*s. Suppose q + 3*w + w = -s, -4*w = 4*q + 36. List the prime factors of 18/4 + 2/q.
2
Let r = -7 + 29. List the prime factors of r.
2, 11
Let i(j) = j**2 + 8*j + 6. List the prime factors of i(-10).
2, 13
Let w be (4 + -2 + -2)/(-1). Let r(a) = a + 14. What are the prime factors of r(w)?
2, 7
Let r(q) = q**3 - 4*q**2 + 5*q - 5. Let z(f) = 8*f**2 + f. Let u be z(1). Let x = -5 + u. What are the prime factors of r(x)?
3, 5
Let a be 18/4*4/6. Let n = a - 11. Let p = n - -11. List the prime factors of p.
3
Suppose 0 = 3*l - 10 - 5. Suppose -4*c + l*c - 10 = 0. List the prime factors of c.
2, 5
Let s(y) = y**3 + 5*y**2 - 4*y - 4. List the prime factors of s(-3).
2, 13
Let u(l) = l**3 - 3*l**2 - 6*l - 3. Let g be u(5). Suppose -51 = 2*j + j + 5*h, j + g = -3*h. Let t = -8 - j. What are the prime factors of t?
3
Suppose -31 = -y - 2*y + 5*v, 3*v = 5*y - 25. Let r be (-8 - 0)*-1*y. Suppose -3*i - 3*d - 4 = -r, 0 = 3*d + 9. List the prime factors of i.
7
Let p = -10 - -25. List the prime factors of (p/6)/((-2)/(-20)).
5
Let h = 9 - 5. Suppose 4*c - 2*c - 42 = -4*s, h*c = 4*s - 12. Let v = 1 + s. What are the prime factors of v?
3
Let v = 30 - 17. List the prime factors of v.
13
Let r(d) = -d**3 +